the remainder when 581572 is divided by 2.
0
What is the remainder when 43437 is divided by 23?
13
Calculate the remainder when 6441 is divided by 305.
36
Calculate the remainder when 10423 is divided by 1724.
79
Calculate the remainder when 9404 is divided by 195.
44
Calculate the remainder when 198568 is divided by 30.
28
Calculate the remainder when 5216 is divided by 391.
133
Calculate the remainder when 2633 is divided by 851.
80
Calculate the remainder when 22333 is divided by 1862.
1851
Calculate the remainder when 324 is divided by 239.
85
What is the remainder when 7009 is divided by 867?
73
What is the remainder when 67157 is divided by 67113?
44
Calculate the remainder when 299265 is divided by 34.
31
Calculate the remainder when 63467 is divided by 37.
12
Calculate the remainder when 1832 is divided by 413.
180
What is the remainder when 10914 is divided by 575?
564
What is the remainder when 415 is divided by 100?
15
What is the remainder when 1389 is divided by 149?
48
Calculate the remainder when 47467 is divided by 16.
11
What is the remainder when 16306 is divided by 1355?
46
What is the remainder when 2677 is divided by 2628?
49
What is the remainder when 54018 is divided by 899?
78
Calculate the remainder when 2477 is divided by 2437.
40
Calculate the remainder when 924 is divided by 877.
47
Calculate the remainder when 316968 is divided by 65.
28
What is the remainder when 303 is divided by 20?
3
What is the remainder when 13370 is divided by 315?
140
Calculate the remainder when 135322 is divided by 46.
36
Calculate the remainder when 37470 is divided by 475.
420
What is the remainder when 2716 is divided by 142?
18
What is the remainder when 121642 is divided by 433?
402
What is the remainder when 1615 is divided by 262?
43
What is the remainder when 33405 is divided by 762?
639
What is the remainder when 2357 is divided by 173?
108
Calculate the remainder when 325 is divided by 10.
5
What is the remainder when 4267 is divided by 30?
7
Calculate the remainder when 208341 is divided by 57.
6
Calculate the remainder when 115401 is divided by 38464.
9
Calculate the remainder when 4990 is divided by 181.
103
What is the remainder when 759 is divided by 160?
119
Calculate the remainder when 2726 is divided by 1437.
1289
Calculate the remainder when 6579 is divided by 140.
139
What is the remainder when 688746 is divided by 81?
3
Calculate the remainder when 294 is divided by 25.
19
Calculate the remainder when 58420 is divided by 1947.
10
What is the remainder when 2988 is divided by 53?
20
Calculate the remainder when 17397 is divided by 51.
6
Calculate the remainder when 629249 is divided by 19.
7
Calculate the remainder when 332067 is divided by 806.
801
Calculate the remainder when 44409 is divided by 499.
497
Calculate the remainder when 1310 is divided by 21.
8
What is the remainder when 145118 is divided by 48370?
8
What is the remainder when 217415 is divided by 114?
17
What is the remainder when 4230 is divided by 96?
6
Calculate the remainder when 652046 is divided by 90.
86
What is the remainder when 91813 is divided by 15?
13
Calculate the remainder when 18645 is divided by 170.
115
What is the remainder when 2714302 is divided by 21?
10
What is the remainder when 53447 is divided by 11?
9
What is the remainder when 11866 is divided by 582?
226
Calculate the remainder when 5575 is divided by 456.
103
Calculate the remainder when 41912 is divided by 101.
98
Calculate the remainder when 9940 is divided by 163.
160
Calculate the remainder when 2151 is divided by 20.
11
Calculate the remainder when 363988 is divided by 943.
933
Calculate the remainder when 8591 is divided by 2136.
47
What is the remainder when 43549 is divided by 320?
29
Calculate the remainder when 1938 is divided by 1928.
10
What is the remainder when 32398 is divided by 9?
7
Calculate the remainder when 568905 is divided by 13.
12
Calculate the remainder when 1832868 is divided by 10.
8
Calculate the remainder when 8607 is divided by 357.
39
Calculate the remainder when 1822781 is divided by 911386.
9
What is the remainder when 10178 is divided by 192?
2
What is the remainder when 21364 is divided by 1941?
13
What is the remainder when 8299 is divided by 320?
299
Calculate the remainder when 58528 is divided by 74.
68
What is the remainder when 1173403 is divided by 117?
10
Calculate the remainder when 185197 is divided by 61.
1
What is the remainder when 3772 is divided by 43?
31
What is the remainder when 231082 is divided by 77010?
52
Calculate the remainder when 70890 is divided by 63.
15
What is the remainder when 17932 is divided by 17903?
29
Calculate the remainder when 14771 is divided by 25.
21
Calculate the remainder when 3649 is divided by 375.
274
Calculate the remainder when 705 is divided by 77.
12
Calculate the remainder when 117159 is divided by 29.
28
Calculate the remainder when 10837 is divided by 271.
268
What is the remainder when 611168 is divided by 27?
23
What is the remainder when 11177 is divided by 66?
23
Calculate the remainder when 13818 is divided by 299.
64
What is the remainder when 20674 is divided by 2044?
234
Calculate the remainder when 10945 is divided by 378.
361
What is the remainder when 38534 is divided by 78?
2
Calculate the remainder when 2742 is divided by 1827.
915
What is the remainder when 42788 is divided by 2849?
53
What is the remainder when 43640 is divided by 225?
215
What is the remainder when 7510 is divided by 71?
55
What is the remainder when 6341 is divided by 52?
49
Calculate the remainder when 57825 is divided by 826.
5
What is the remainder when 16171 is divided by 75?
46
Calculate the remainder when 55396 is divided by 108.
100
What is the remainder when 2326 is divided by 770?
16
Calculate the remainder when 1278 is divided by 1262.
16
What is the remainder when 215599 is divided by 308?
307
What is the remainder when 38517 is divided by 607?
276
Calculate the remainder when 3914 is divided by 450.
314
Calculate the remainder when 980 is divided by 480.
20
Calculate the remainder when 191404 is divided by 19139.
14
Calculate the remainder when 373347 is divided by 28.
23
Calculate the remainder when 104279 is divided by 8.
7
Calculate the remainder when 17997 is divided by 1503.
1464
What is the remainder when 58752 is divided by 409?
265
Calculate the remainder when 7910 is divided by 216.
134
What is the remainder when 15942 is divided by 25?
17
Calculate the remainder when 59192 is divided by 29562.
68
Calculate the remainder when 28299 is divided by 333.
327
Calculate the remainder when 794 is divided by 80.
74
What is the remainder when 31208 is divided by 15601?
6
What is the remainder when 21738 is divided by 2119?
548
Calculate the remainder when 13604 is divided by 13604.
0
Calculate the remainder when 7368 is divided by 62.
52
What is the remainder when 173 is divided by 54?
11
Calculate the remainder when 245591 is divided by 6637.
22
What is the remainder when 482410 is divided by 21?
19
Calculate the remainder when 6777 is divided by 1692.
9
Calculate the remainder when 1331 is divided by 485.
361
Calculate the remainder when 9756 is divided by 609.
12
What is the remainder when 2113 is divided by 739?
635
What is the remainder when 102453 is divided by 621?
609
What is the remainder when 8627 is divided by 10?
7
What is the remainder when 1736 is divided by 303?
221
What is the remainder when 12875 is divided by 13?
5
What is the remainder when 19270 is divided by 326?
36
What is the remainder when 418 is divided by 99?
22
What is the remainder when 1545 is divided by 1479?
66
What is the remainder when 2739280 is divided by 273?
271
Calculate the remainder when 3980 is divided by 340.
240
Calculate the remainder when 10366 is divided by 5139.
88
What is the remainder when 4592 is divided by 459?
2
What is the remainder when 37668 is divided by 1215?
3
Calculate the remainder when 40693 is divided by 392.
317
What is the remainder when 18196 is divided by 104?
100
What is the remainder when 218699 is divided by 60?
59
What is the remainder when 72194 is divided by 13?
5
What is the remainder when 1726 is divided by 513?
187
What is the remainder when 1248449 is divided 